p(v) = -2*l(v) + y(v). Give p(h).
4
Let n(s) = 2*s**3 + 38*s**2 - s - 18. Let z be n(-19). Let b(t) = -2*t**2 - 1. What is b(z)?
-3
Let g be 1 - 8*(-3)/6. Let o(h) be the third derivative of -3*h**2 - 1/12*h**4 + 1/30*h**g - 1/6*h**3 + 0*h + 0. Calculate o(2).
3
Let w(m) = 26*m**2 + 17*m + 3. Let g(f) = 9*f**2 + 6*f + 1. Suppose 2*t = 4*h + 7*t + 19, -5*h - 3*t - 40 = 0. Let j(a) = h*g(a) + 4*w(a). Calculate j(-1).
4
Let r(k) = -k - 5. Let w(h) = h + 8. Let a(p) = -8*r(p) - 5*w(p). Let o = -49 + 47. Calculate a(o).
-6
Let t(k) be the third derivative of -k**4/4 + 31*k**3/6 + 586*k**2. What is t(6)?
-5
Let z(l) = -3*l + 4. Suppose 0 = 17*y - 14*y + 27. What is z(y)?
31
Let m be 3 - 3*(-4 - -3). Let n be 3/m*(-2 + 0). Let h = n - 2. Let b(j) = -j**3 - 3*j**2 - j - 1. Give b(h).
2
Suppose -2*c = -3*d + 6 + 12, 3*c = -9. Let t(o) = -1 + o - d*o + o**2 + 3*o - 3*o. Give t(3).
-1
Let w(b) = 3*b + 6. Suppose -5*k = g + 26, 2*g + 7*k = 3*k - 28. Calculate w(g).
-12
Let j = 56 + -46. Let r(s) = 9 - s**2 + s + j*s - 2*s - 1. What is r(10)?
-2
Let x(z) = 2*z - 7*z**3 + 5 - 7*z - 1 - 5*z**2. Let p(n) = -20*n**3 - 14*n**2 - 14*n + 11. Let c = 13 + -7. Let b(j) = c*p(j) - 17*x(j). Give b(-2).
8
Let s(h) = -4*h + 2. Suppose 10 = l + 4*l. Suppose 4*x - 11 = r, 3*x + l*r = -2*r - 6. Calculate s(x).
-6
Let r(t) = -t**3 + 44*t**2 + t - 41. Let y be r(44). Let q(u) = -5 + 3 + 0*u - 2*u + 1. Determine q(y).
-7
Let g(t) = 7*t**2 + 4*t + 7. Let l(m) = -3*m**2 - 2*m - 4. Let a(b) = 3*g(b) + 5*l(b). What is a(-1)?
5
Let p(w) = w - 2. Suppose 2 = -2*h - 2*d, 4*h + 4*d + d = 0. Let m = h + 3. Let u be (-1 + m/(-2))/(-2). Determine p(u).
-2
Let y(d) be the first derivative of -d**4/4 - d**3/3 + d**2/2 + 3*d - 89. Give y(-3).
18
Let t(i) = i**2 + 2*i + 1. Suppose -3 = x - 1. Let d be 1*x*(-18)/(-36). Give t(d).
0
Suppose z - 1 = -0*z, -2*z = n - 9. Let i(l) = -l + 1. Let j(b) = -3*b + 3. Let m(o) = -5*i(o) + 2*j(o). Determine m(n).
-6
Let n(f) be the first derivative of -f**4/2 - f**3/3 + f**2 - f - 7. Give n(-2).
7
Let d be (-9)/10 - (-8)/(-16 - 64). Let i(h) = 7*h**3 + h**2. Determine i(d).
-6
Let z = -353 + 366. Let u(d) = 3*d - 35. What is u(z)?
4
Let j(z) = 3*z**2 - 13*z + 1. Let r(b) = 7*b**2 - 27*b + 3. Let l(i) = -9*j(i) + 4*r(i). Give l(-8).
-5
Let s(i) = -i**2 - 8*i - 4. Suppose -2*l = 3*r + 4, 5*r = -3*l - 0 - 6. Let n be (-3)/((-3)/l) - 4. Determine s(n).
8
Let b(u) be the second derivative of 2/3*u**3 + u**2 + 0 + 29*u. Determine b(3).
14
Suppose 162*m = 165*m - 18. Let z(o) = -o**3 + 6*o**2 + o + 8. Give z(m).
14
Let o = -1047 + 1041. Let v(z) be the second derivative of -z**4/12 - 4*z**3/3 - 9*z**2/2 - z. Calculate v(o).
3
Let g(r) be the third derivative of 15*r**2 + 0*r + 2/3*r**3 + 1/12*r**4 + 0. What is g(4)?
12
Let n be 3 - 0 - (9 - 8). Let j(m) = m**3 - m**2 - 3*m + 3. Determine j(n).
1
Let c(m) = -3*m - 84. Suppose 2600 = 21*s - 121*s. Calculate c(s).
-6
Suppose 0 = -5*z + 3*r - 5, 3 = -3*z - 2*r - 3*r. Let d = -61 - -62. Let c(o) = 8*o**2 - 1 + 3 + 3*o - d - 2*o. Calculate c(z).
8
Let t(v) be the first derivative of -v**2/2 - 4*v - 13. Let m(w) = 3*w + 13. Let g(y) = -2*m(y) - 7*t(y). Determine g(-2).
0
Let t(r) = 5*r + 1. Let i(y) = -y**3 - 22*y**2 - 38*y + 39. Let f be i(-20). Determine t(f).
-4
Let p(z) = -7*z - 11. Let c(h) = 11*h + 16. Suppose -202*d + 204*d = 16. Let y(n) = d*p(n) + 5*c(n). Give y(-6).
-2
Suppose 4*b = -b + 5*c + 5, -b + 3*c = 9. Let l(d) = -4 - 4*d + d**2 + 0*d + 5*d + 5*d**2 - d**3. Determine l(b).
2
Let i(s) be the first derivative of -9*s**4/4 - 10*s**3/3 + 5*s**2/2 + 21*s - 5. Let m(k) = 5*k**3 + 5*k**2 - 2*k - 11. Let o(t) = -4*i(t) - 7*m(t). Give o(-6).
-7
Let j be 1/((-2)/4 - 0). Let i(v) = 447*v**2 - 1349*v**2 + 447*v**2 - 3 + 456*v**2 - 2*v. Give i(j).
5
Let z(b) = -b**3 - 14*b**2 - 13*b - 8. Let n = -116 + 103. Calculate z(n).
-8
Let w(l) = -6*l + 11. Let h(u) = u + 1. Let s(p) = 2*h(p) + w(p). Determine s(6).
-11
Let d(h) = h**3 + h**2 + 2*h + 7. Let i be d(0). Let y(p) = p**2 - 7*p + 9. What is y(i)?
9
Let j(g) = g**2 - 12*g + 1. Let p = -934 - -947. Give j(p).
14
Let x(c) be the second derivative of -c**4/24 + 5*c**3/6 - 33*c**2/2 - 16*c. Let z(m) be the first derivative of x(m). Give z(3).
2
Let k(x) = 5*x**2 + 13*x. Let u(w) = -w**2 - w - 1. Let y(b) = k(b) + 6*u(b). Suppose -16 = -3*j - a, -13 - 10 = -4*j - a. Give y(j).
-6
Let q be 329/(-14) + (-9)/6. Let x = 19 + q. Let o(t) = 2*t + 6. Determine o(x).
-6
Suppose -m = m - 2, -2*h = -5*m + 9. Let l be h + 2 - 3*(-8)/(-6). Let z(f) = -3*f - 2. Let n(i) = -4*i - 2. Let s(y) = -2*n(y) + 3*z(y). Determine s(l).
2
Let m(g) be the first derivative of -g**5/30 + g**4/8 + 4*g**3 - 28. Let i(s) be the third derivative of m(s). What is i(2)?
-5
Let h(n) = -n**3 + 2*n**2 + 4*n - 3. Let p(c) = c**3 - 3*c**2 - 4*c + 2. Let r(s) = -2*h(s) - 3*p(s). Let m be (-4)/6 - (-40)/6. Determine r(m).
-12
Suppose 5*b = 5 - 0. Suppose -2*g + 5*g + 17 = 4*r, -4*r + 2 = 2*g. Let s(p) = 3*p**3 + 4*p - 4*p - 1 + 2*p**r + 0*p. Calculate s(b).
4
Let f(m) = 13*m + 5. Suppose 17*k + 10 = v + 13*k, 5*k + 9 = 3*v. What is f(v)?
-21
Let s(g) = g**2 + 4*g + 2. Let t be 41/(-7) - 7/49. Suppose 0 = x - 4*r - 3, 5*x + 8*r - 3*r - 15 = 0. Let b = t + x. Calculate s(b).
-1
Let z(x) = 4*x**2 - 18*x + 20. Let a(y) = -6*y**2 + 27*y - 29. Let d(i) = -5*a(i) - 7*z(i). Give d(4).
1
Let q(n) = -19*n**3 - 29*n**2 + 23*n - 61. Let t(f) = 7*f**3 + 10*f**2 - 8*f + 21. Let o(a) = -4*q(a) - 11*t(a). Give o(6).
-11
Suppose 4*a - 4*k = -a - 18, -2*k = 2*a. Let d be a*28/(-6)*-9. Let n be d/(-36) - 2/6. Let j(x) = 3*x - 2. Calculate j(n).
4
Let a(z) = 1 + 10*z + 11 - 5 - 15*z - 5. Give a(-2).
12
Let z(t) be the third derivative of t**5/60 + 3*t**4/8 + t**3/6 + 2*t**2 + 90*t. Calculate z(-9).
1
Let h(a) be the first derivative of a**3/3 - 6*a**2 + 14*a + 385. Calculate h(8).
-18
Let k(a) = -32 + a + 3*a - a + 75 - 27. Determine k(-9).
-11
Suppose -3*c + 27 = 3*r, -2*r - c + 13 = -0*r. Let l(g) = g + 10*g - 8*g - 20 - r*g. Give l(0).
-20
Let j(f) = f**3 + 4*f**2 - 3*f - 3. Let y(v) = v**3 + 5*v**2 - 2*v - 4. Let l(n) = -3*j(n) + 2*y(n). Calculate l(-4).
13
Let v(i) = 2*i**2 + 21*i + 13. Let b = 242 - 251. What is v(b)?
-14
Let n(m) = -m**3 + 5*m**2 + 2. Let j(q) = -2*q**2 - 7*q + 5. Let d be j(2). Let t be ((-2)/(-1) + d)*9/(-27). What is n(t)?
2
Let a(g) = -g - 5. Let o be (21/(-14))/((-3)/8) + -8. Determine a(o).
-1
Let h = 34 + -33. Let x(n) = -1 - 9*n - 2*n**2 - 1 + h + n**2. Determine x(-8).
7
Let b(y) = 3*y + 3*y**2 + 2*y + 63*y**3 - 12 - 64*y**3. Calculate b(2).
2
Let p(r) be the third derivative of -r**6/120 - r**5/20 - r**4/24 - r**3/2 + 49*r**2 - 8*r. Suppose 5*u - 14 + 4 = 0. Suppose -3*t - 7 = u. Give p(t).
0
Let s(m) = -11*m - 1. Let d = -485 - -481. Calculate s(d).
43
Suppose -92 = 3*b + 19. Let p = 31 + b. Let o(c) be the third derivative of c**4/8 + 4*c**3/3 + 3*c**2. What is o(p)?
-10
Suppose 22 = -4*q + 3*q. Let d be (51/(-9))/(3/(-9)). Let h = d + q. Let w(r) = -r**3 - 5*r**2 - 2*r - 4. Determine w(h).
6
Let u(l) = 15*l + 13. Suppose 5*f = 70 - 5. Let g(o) = 7*o + 6. Let q(a) = f*g(a) - 6*u(a). Give q(1).
1
Suppose 2*n - 62 = -12*h, 8*n - 10*n = 10. Let i(b) = 5*b - 2. Let a(l) = -4*l + 1. Let v(r) = 7*a(r) + 6*i(r). What is v(h)?
7
Let j = -45 + -8. Let c = -60 - j. Let o(i) = -i**2 - 7*i - 4. Calculate o(c).
-4
Let d(q) = -5*q + 3. Suppose 0 = 5*l - 3*u - 9, -4*u = 7*l - 6*l - 11. What is d(l)?
-12
Let v(j) = -j + 4. Let a(t) = 2*t + 2. Let d(i) = -3*a(i) - 3*v(i). Give d(-8).
6
Let s(a) = 5 - 5*a - 11*a**3 + 3*a - 3*a + 11*a**3 - 4*a**2 + a**3. Give s(5).
5
Let p(f) = 4*f**2 - 8*f + 1. Let z(o) = -o**2 - 1. Let c(v) = -p(v) - 3*z(v). Determine c(5).
17
Let q(z) = -4 - 13*z**2 - 21*z**3 - 3 + 20*z**3 - 13*z + 4. Let m be q(-12). Let i(l) = 12*l**2 + 2*l - 20*l**2 - l**3 + m*l**2 + 2. Give i(3).
-10
Let x(z) be the second derivative of -z**4/12 + z**3/6 + z**2 - 4*z. Suppose -2*k + k - 2 = 0. Let i be (2 - 0)*(k - -1). Calculate x(i).
-4
Let l(r) be the second derivative of -r**3/3 - 2*r**2 - 9*r + 5. Determine l(4).
-12
Let v = 39 - 51. Let u(a) be the third derivative of a**5/60 + 11*a**4/24 - a**3 - 3*a**2. Calculate u(v).
6
Let d(c) be the second derivative of c**3/2 - 3*c**2/2 - 4*c + 10. S